divisor of 75 and 705?
15
What is the highest common factor of 40 and 56?
8
Calculate the highest common divisor of 308 and 8547.
77
Calculate the greatest common divisor of 10 and 35.
5
What is the greatest common divisor of 14 and 89838?
14
Calculate the greatest common divisor of 117 and 39.
39
Calculate the greatest common divisor of 64 and 4512.
32
Calculate the highest common divisor of 152 and 57.
19
Calculate the greatest common divisor of 190 and 2375.
95
What is the highest common divisor of 1566 and 324?
54
What is the highest common factor of 8 and 904?
8
Calculate the greatest common factor of 117 and 429.
39
Calculate the greatest common divisor of 204 and 7884.
12
What is the greatest common divisor of 481 and 1469?
13
Calculate the greatest common divisor of 9954 and 27.
9
What is the highest common factor of 56 and 504?
56
Calculate the greatest common factor of 66 and 1818.
6
What is the greatest common factor of 104 and 65?
13
Calculate the greatest common divisor of 366 and 854.
122
What is the greatest common divisor of 10 and 2220?
10
Calculate the highest common divisor of 651 and 403.
31
What is the greatest common factor of 414 and 261?
9
Calculate the highest common divisor of 35 and 42.
7
What is the highest common factor of 156 and 1443?
39
Calculate the greatest common divisor of 153 and 27.
9
What is the highest common divisor of 793 and 637?
13
What is the highest common factor of 102 and 46?
2
Calculate the greatest common factor of 3 and 159.
3
Calculate the highest common factor of 32 and 936.
8
What is the greatest common factor of 96 and 224?
32
Calculate the highest common divisor of 30537 and 27.
27
Calculate the highest common divisor of 85 and 5.
5
What is the greatest common divisor of 400 and 100?
100
Calculate the greatest common divisor of 111 and 37.
37
What is the highest common factor of 750 and 310?
10
Calculate the greatest common divisor of 6014 and 485.
97
What is the highest common divisor of 74 and 481?
37
What is the highest common divisor of 43 and 1?
1
Calculate the greatest common factor of 49 and 70.
7
Calculate the greatest common factor of 3120 and 30.
30
Calculate the greatest common factor of 1614 and 75.
3
Calculate the greatest common factor of 234 and 108.
18
Calculate the highest common divisor of 7 and 497.
7
What is the highest common factor of 1517 and 41?
41
What is the greatest common divisor of 4 and 4?
4
What is the highest common factor of 1044 and 29?
29
Calculate the greatest common divisor of 6831 and 23.
23
Calculate the greatest common divisor of 18 and 174.
6
What is the highest common divisor of 567 and 7?
7
Calculate the greatest common divisor of 4480 and 35.
35
What is the highest common divisor of 2270 and 20?
10
Calculate the greatest common divisor of 7844 and 16.
4
What is the highest common divisor of 418 and 352?
22
Calculate the greatest common divisor of 5047 and 98.
49
Calculate the greatest common factor of 55 and 143.
11
Calculate the greatest common factor of 34 and 5134.
34
What is the highest common divisor of 10490 and 10?
10
Calculate the highest common factor of 1188 and 858.
66
What is the highest common divisor of 2401 and 49?
49
What is the highest common divisor of 95 and 38?
19
Calculate the greatest common divisor of 56 and 21.
7
Calculate the highest common divisor of 360 and 1530.
90
What is the highest common divisor of 55 and 120?
5
What is the highest common divisor of 920 and 6?
2
What is the highest common factor of 1904 and 17?
17
Calculate the greatest common factor of 63 and 513.
9
Calculate the highest common divisor of 425 and 50.
25
Calculate the greatest common factor of 6292 and 52.
52
What is the greatest common factor of 102 and 153?
51
Calculate the greatest common factor of 384 and 4.
4
Calculate the greatest common factor of 90 and 705.
15
What is the highest common divisor of 24 and 402?
6
What is the highest common factor of 2461 and 2568?
107
Calculate the highest common divisor of 1380 and 12.
12
Calculate the highest common divisor of 15 and 320.
5
Calculate the greatest common factor of 6424 and 176.
88
What is the greatest common factor of 29 and 89842?
29
Calculate the greatest common divisor of 180 and 48.
12
Calculate the greatest common factor of 132 and 231.
33
Calculate the greatest common factor of 49 and 1127.
49
What is the highest common factor of 21 and 75?
3
Calculate the highest common divisor of 3661 and 14.
7
What is the greatest common factor of 435 and 2001?
87
What is the highest common factor of 26 and 468?
26
What is the greatest common divisor of 3141 and 27?
9
Calculate the greatest common divisor of 664 and 8.
8
What is the highest common divisor of 48 and 7584?
48
What is the greatest common factor of 35721 and 49?
49
Calculate the highest common factor of 658 and 14.
14
What is the greatest common factor of 6105 and 110?
55
What is the highest common divisor of 474 and 553?
79
What is the greatest common factor of 630 and 1120?
70
Calculate the highest common divisor of 1496 and 176.
88
Calculate the greatest common divisor of 79 and 10823.
79
What is the highest common factor of 18 and 19944?
18
Calculate the highest common divisor of 924 and 1628.
44
Calculate the highest common divisor of 14279 and 763.
109
What is the highest common factor of 204 and 156?
12
What is the highest common factor of 147 and 24647?
49
Calculate the highest common divisor of 1120 and 10.
10
Calculate the highest common divisor of 43 and 1032.
43
Calculate the greatest common factor of 154 and 3878.
14
What is the highest common divisor of 164 and 18081?
41
What is the highest common divisor of 49 and 931?
49
Calculate the highest common factor of 4 and 404.
4
What is the greatest common factor of 5031 and 10449?
387
Calculate the highest common divisor of 105 and 56.
7
Calculate the greatest common divisor of 176 and 110.
22
What is the greatest common divisor of 418 and 220?
22
What is the greatest common divisor of 16 and 15976?
8
What is the greatest common factor of 969 and 285?
57
What is the highest common factor of 627 and 33?
33
What is the greatest common divisor of 1162 and 28?
14
Calculate the highest common factor of 164 and 4.
4
Calculate the greatest common divisor of 35 and 1120.
35
Calculate the greatest common factor of 351 and 65.
13
Calculate the greatest common divisor of 77 and 22.
11
Calculate the greatest common factor of 23 and 3.
1
Calculate the greatest common divisor of 119 and 28.
7
What is the highest common factor of 22 and 242?
22
Calculate the highest common divisor of 122 and 1037.
61
What is the greatest common factor of 61 and 549?
61
Calculate the greatest common divisor of 90 and 56790.
90
What is the greatest common factor of 1644 and 84?
12
Calculate the highest common divisor of 1387 and 365.
73
Calculate the greatest common divisor of 26 and 1534.
26
What is the greatest common factor of 224 and 80?
16
Calculate the greatest common factor of 254 and 381.
127
What is the greatest common factor of 8 and 2264?
8
What is the greatest common factor of 288 and 2736?
144
Calculate the highest common divisor of 295 and 40.
5
What is the greatest common factor of 20 and 101020?
20
What is the highest common factor of 63 and 1449?
63
Calculate the highest common divisor of 30 and 282.
6
What is the highest common divisor of 1067 and 11?
11
What is the highest common divisor of 2592 and 32?
32
Calculate the highest common divisor of 376 and 8.
8
What is the highest common divisor of 44 and 13684?
44
What is the highest common factor of 39 and 5850?
39
What is the highest common factor of 12565 and 35?
35
What is the highest common factor of 8829 and 218?
109
What is the greatest common factor of 4940 and 228?
76
Calculate the highest common divisor of 976 and 16.
16
Calculate the greatest common factor of 16 and 176.
16
Calculate the highest common divisor of 90 and 190.
10
Calculate the greatest common divisor of 14732 and 116.
116
What is the highest common factor of 100 and 12300?
100
What is the greatest common factor of 1533 and 21?
21
Calculate the greatest common factor of 43 and 15910.
43
Calculate the greatest common divisor of 189 and 504.
63
What is the greatest